 + -2 + 8 + -4 - -19.
16
17 - (3 + -20) - 9
25
What is (-5 - 8) + -10 + 13 + 14?
4
What is -37 + 11 + 18 + -19?
-27
Calculate -2 - (23 + (-8 - 16)).
-1
(-2 - -3) + 0 + (5 - -1) + 6
13
14 - (8 - (-3 - (-1 - -6)))
-2
What is the value of 7 - (0 - (1 + -8 - (29 - 30)))?
1
-27 - (15 - 41) - (-34 + -2 + 3)
32
What is the value of 35 + (-63 - -23) + 15?
10
Calculate 8 - ((62 - 58) + 4 + 0).
0
What is -31 + 28 + 12 + -24?
-15
Calculate 15 - (13 - 5 - -8).
-1
Evaluate (1 - 27) + -70 + 11 + 79.
-6
Calculate -10 + 5 + -5 + 8 + -6.
-8
Calculate -366 - -369 - (-17 + 1).
19
(-6 + -6 - 2) + (9 - 22)
-27
Calculate 1 - (-3 + 0) - (37 + -21).
-12
Calculate -12 + -1 - (16 - 23).
-6
What is the value of (-2 - 1) + -76 + 74 - 10?
-15
Calculate (-6 - (1 - (5 + -12))) + 2.
-12
What is (5 - (1 + 7)) + -1 + -2 + 14?
8
51 + (-16 - 7) - 20
8
What is the value of (2 - -1) + 3 - (14 - (15 + 3))?
10
18 + 1 - (-746 - -759)
6
What is the value of -7 - (-18 - (-6 + -10) - -7)?
-12
Evaluate (8 + -20 - 0 - -24) + 13.
25
(-17 + 17 - -4 - 23) + -1
-20
-10 - (-11 + -20 + 16)
5
What is the value of 14 + (-14 - 4) + -1 + -1 + 0?
-6
-24 - (-16 + (6 - 12))
-2
Evaluate (-4 - (-9 - 2)) + (-18 - -17).
6
What is 37 + (-6 - 16) + -19?
-4
Evaluate -3 + (-20 - -8) + 28.
13
Calculate -9 - (-33 + 13 + -11 + 3).
19
Calculate 26 - (39 + (9 - 27)).
5
-18 + 42 - (26 + 21)
-23
Evaluate 6 + 19 + 24 + -68 + 0 + 2.
-17
What is (-3 - -15) + -35 + 7?
-16
What is 1 + (8 + 7 - 12)?
4
Calculate 16 - (12 + -2) - (1 + -1 - -9).
-3
-3 - 11 - (-26 - 1) - -5
18
Evaluate (3 - -6) + 1 + -12 + 6 + 4.
8
Evaluate -65 + 34 + 23 - 8.
-16
What is the value of (-5 + 3 + 9 - 17) + 21?
11
Calculate 12 + -18 - (-5 + 0).
-1
Calculate -24 - (14 + -3) - (2 - 9).
-28
What is (61 - 4) + -13 - 23?
21
What is -3 - -12 - 19 - (-40 + -5)?
35
What is the value of (-28 + 13 - -20) + -19?
-14
(7 + 12 - 1) + 0
18
Evaluate -31 + 10 + 15 + 22.
16
Calculate -32 + 2 - (87 - 103).
-14
(-12 - -2 - -27) + -6
11
Calculate (-19 + 12 - -12) + -13 - -13.
5
What is 3 + (1 - (-2 - ((-7 - 1) + 5)))?
3
Evaluate 24 + 2 - (270 - 227).
-17
Evaluate 2 + -6 + 18 + -1 + (-21 - -16).
8
What is the value of -23 + 12 + 9 + (-1 - 7)?
-10
What is -6 + 4 + -36 + 38?
0
What is the value of 35 + -99 + 51 - (3 - 1 - 10)?
-5
Calculate 55 + 25 + -18 + -34.
28
2 + 0 - (77 - 85)
10
Evaluate 13 + -14 + (43 - 12).
30
What is the value of 1 + 4 + 13 + -37 + 28?
9
(-21 - -3) + (15 - 4)
-7
What is -17 + (-27 + 56 - 2)?
10
Evaluate (-1 - -15) + -132 + 109.
-9
(-1 + 0 - -8) + 0 - (289 - 296)
14
-51 + 35 + (-5 + 3 - -4)
-14
Evaluate -29 - (20 + -12 + -11).
-26
What is the value of (21 - 13) + -15 - (4 + 3 + -34)?
20
Evaluate -19 - -44 - (4 + 0 + -4 + 3).
22
Calculate 3 + (-5 + -1 + 0 - -5).
2
Evaluate -6 - (-18 - (1 + -9 + (3 - -1))).
8
What is the value of -12 + (15 - 17) + 2?
-12
Evaluate (-26 - -12 - -27) + -15.
-2
What is the value of 3 - ((30 - 12) + -31)?
16
Calculate (58 - 95 - -45) + (9 - (-1 - 0)).
18
What is (2 - -3) + -7 - 4 - (-62 - -63)?
-7
What is -2 - (-16 + (-8 - -3) + 40)?
-21
Calculate 13 + (2 - (-3 + (-1 - -3) + 5)).
11
What is the value of 16 - (-13 - -8 - -18)?
3
-26 + -4 + 0 + 16 - -37
23
0 + -59 + (-282 - -309)
-32
What is -20 - (-14 - -13) - 1?
-20
Evaluate 1 + -4 + 11 + (-10 - -4) + 8.
10
What is -248 + 253 + -13 + (1 - 2) + 5?
-4
(-5 + 11 - 21) + -21
-36
Calculate 30 - (-35 - -37) - -5.
33
Calculate -12 + 1 - (19 + -20).
-10
-42 - (-34 - -17) - -13
-12
What is the value of -3 + (8 - 1) - 10 - -17?
11
What is (-6 + 2 - -1) + 8 - (-128 - -136)?
-3
Calculate (1525 - 1486) + 1 + -11.
29
Calculate 7 + (-6 - -8) + -15 + 0.
-6
What is 14 - 3 - (89 + -79) - -19?
20
Calculate -10 - (-23 - -23) - 0.
-10
-8 + (0 - -17 - (64 + -61))
6
What is -11 + 17 + (-10 - -1)?
-3
-2 + -1 - -2 - ((-35 - -16) + 25)
-7
What is -2 + (-30 - (-38 - -15))?
-9
-3 + 8 + (-48 - -39) - -6 - -1
3
Evaluate -31 + 4 + -4 - (13 + (3 - 18)).
-29
Evaluate -3 + 2 + 7 + (-13 - -17) + -10.
0
What is 8 - ((-1 - (-14 + 23)) + -2 + 11)?
9
Evaluate -123 - -158 - (-1 - -22).
14
What is (5 - (-9 - -13 - 7)) + -35 - 3?
-30
What is the value of -3 + (2 + -1 - (-24 + 27))?
-5
What is (7 - (9 - -1)) + (-2 + -2 - -3)?
-4
(-5 - 1) + (-10 - -5 - -8 - 9)
-12
Evaluate -21 + (0 - (-6 + 20) - -8).
-27
-17 + -9 + (-3 - -38)
9
What is -7 - (7 + -7) - -9?
2
What is the value of (-16 - 2) + 0 - (-7 + 8 - -5)?
-24
Evaluate (-15 + 20 - 56) + 28.
-23
Calculate 21 + (17 + -11 - (-2 - -14)).
15
16 - (26 + -27 + (0 - (-1 - 1)))
15
Calculate -18 - (-18 - -14) - -15.
1
What is -7 + 3 - 0 - (-282 + 274)?
4
Evaluate (-1 - -2) + 5 + -1 - (-1305 - -1315).
-5
What is 2 + 7 + (16 - 24)?
1
Calculate (70 - 81) + (-3 - 4).
-18
Evaluate -7 - (0 - -3) - (16 + -9 - 11).
-6
What is 10 + 3 + -2 + (-30 - -22)?
3
What is 15 + (-1 - 11) + (-3 - 6) + 15?
9
(21 - 9) + (-57 + -2 - -1) - -9
-37
Evaluate -5 + 23 - -13 - 16.
15
What is the value of 6 - (-4 + 11 + (-8 - -1))?
6
17 + 13 + (14 - 21 - -5)
28
Calculate (6 - 2) + -2 + 8 + -6.
4
Calculate -11 - (-10 + -10 + 3 + -8).
14
Calculate 21 + -29 + 64 + -84.
-28
Evaluate 0 + (2 - 4) + 12 + -16.
-6
Evaluate (-8 + -2 - -7) + 4.
1
Calculate -4 + -18 + (17 - 8).
-13
-3 + (17 - 13) - ((2 - 1) + 4)
-4
What is the value of 2 + -2 + 0 + -15 + 20?
5
Calculate (-17 - -12 - 0) + (-1 - 0) - 1.
-7
Calculate (-3 - (7 + 1 + (-6 - 3))) + -3.
-5
7 + 12 - (-1 - (-1 + -7))
12
What is the value of -1 - -3 - (10 + (-7 - 1 - 9))?
9
Evaluate 24 + (-59 - 22) - -33.
-24
What is 10 + (13 - (-13 + (6 - -13)))?
17
What is 15 + (11 - -11 - 45)?
-8
-11 - (-21 - -27 - 15)
-2
What is -1 - 12 - -8 - -6?
1
What is 12 - (11 - -16) - -16?
1
Evaluate 6 + (1 - 5) + -1 - -4 - 17.
-12
-51 + 65 - ((4 - 4) + 0)
14
What is the value of (9 - 2 - 16 - -14) + -2 + -14?
-11
11 + (-29 - -4 - -18) - (2 - 1)
3
What is -22 - (-5 - 10) - -11 - -14?
18
What is the value of 29 - (24 - 8) - (0 + 5)?
8
What is the value of (-29 - -9 - -7 - -25) + 1?
13
Calculate (-3 + 2 - -5) + -14 + 7 + 13.
10
What is the value of 19 - -1 - (10 + -10)?
20
Evaluate 1 + 22 - (25 - 13).
11
Evaluate 35 + -39 + 26 - 13.
9
What is -1 + 0 + -1 + 12 + -1128 + 1104?
-14
What is the value of 2 - (6 + -7 + -2 + 8)?
-3
What is (-5 - 5) + -68 + 61?
-17
Calculate -2 + 9 + (-24 - (15 + -36)) + 6.
10
Evaluate (1 - 4) + 46 + -45 - 8.
-10
(-16 - -2) + 447 + -450
-17
What is (11 - (22 + -24)) + -4?
9
(-8 - -6) + 17 + (3 - 37)
-19
Evaluate -18 - -14 - (2 - (7 + -3)).
-2
What is (-5 - 0) + (-518 - -517) - -19?
13
Evaluate -3 - (-1 - (6 + 8 + -7)).
5
Evaluate (-6 - -4) + 7 + 10 + 1 + -2.
14
(-3 - 1) + (-5 - 4) + 73 + -80
-20
-11 - -40 - (182 + -121)
-32
Calculate 35 - 22 - 10 - (-18 - 0).
21
Calculate 27 + (-22 - 17) + 28.
16
Calculate (222 - 238) + (29 - -1).
14
Evaluate -2 + (-1 - (-37 + (2 - -1)) - 8).
23
What is -3 + ((-7 - -28) + -17 - (-23 - 0))?
24
What is the value of 15 - (29 - (-13 + 27) - -12)?
-12
What is the value of (0 - 4) + 25 + (-7 - -8) + -2?
20
What is (11 - 7 - 11) + 5 + 16?
14
Evaluate 2 + -2 + 5 - (36 + -34).
3
What is 4 + 9 - 7 - (-7 - (0 - 8))?
5
What is the value of (-7 - -8) + 0 + 9?
10
(18 - 53) + 19 - (-3 + 17)
-30
What is the value of -5 - (1 - -4 - (-3 - -1))?
-12
(-3 - (2 - 7)) + (-6 - 6)
-10
-71 - -63 - (-4 - -3)
-7
What is (-14 - 1) + 3 + 14 + -10 + 14?
6
What is (-3 - (-9 + 10 + 4)) + -7?
-15
Evaluate -10 - 14 - (-10 + -8) - (-42 - 1).
37
(13 - (2 + -9)) + -8 + 2
14
What is -1 - (-31 - (-5 + 13) - -10 - -7)?
21
(31 - (56 + -19)) + 32
26
(-18 - -53) + -41 - (0 - -29)
-35
What is the value of (4 - -1) + 86 + -85?
6
What is the value of 3 - (13 + -5 + 6)?
-11
What is the value of -5 + -1 - (3 + -15 + 14 - 2)?
-6
Calculate (-9 - (-4 + -1)) + 3.
-1
What is -2 + (-17 - 8) - -10?
-17
Calculate 2 + (-12 - (2 - 22)) - (2 + -10).
18
What is the value of -13 + (7 - (-3 + -1))?
-2
Evaluate -30 + 34 + -17 - -5.
-8
What is ((-2 - 3) + 11 - (3 + 3)) + 1?
1
What is (-2 - -10) + -14 - (-4 + 12 + 3)?
-17
What is 9 - ((-40 - -43) + (4 - 2) - 4)?
8
What is the value of 1 - (19 + -19 + (2 - 2))?
1
What is the value of -463 + 454 - (8 - 0)?
-17
-6 + (38 - (16 + (-18 - -3)))
31
What is the value of 0 - 27 - (-28 + (47 - 21 - 5))?
-20
What is 0 + 19 + -34 + -31 + 55?
9
Calculate 6 + 3 + -1 - (-38 - -45) - -2.
3
Calculate 0 + 11 + -11 + (-5 - 2 - -1).
-6
-2 + 2 - (-8 - (11